the prime factors of 23392842?
2, 3, 11, 239, 1483
What are the prime factors of 220225?
5, 23, 383
What are the prime factors of 20443307?
241, 84827
What are the prime factors of 3910263?
3, 7, 79, 2357
What are the prime factors of 233065?
5, 7, 6659
List the prime factors of 1445344.
2, 31, 47
List the prime factors of 3975025.
5, 17, 47, 199
List the prime factors of 11409806.
2, 61, 93523
What are the prime factors of 6101449?
6101449
List the prime factors of 774175.
5, 173, 179
List the prime factors of 8224572.
2, 3, 685381
What are the prime factors of 68094?
2, 3, 13, 97
List the prime factors of 861101.
17, 37
List the prime factors of 1077529.
31, 34759
What are the prime factors of 1846132?
2, 17, 1597
What are the prime factors of 118137?
3, 53, 743
What are the prime factors of 24726259?
24726259
List the prime factors of 12957586.
2, 6478793
What are the prime factors of 625756?
2, 73, 2143
What are the prime factors of 25155548?
2, 11, 571717
What are the prime factors of 827885?
5, 23, 313
What are the prime factors of 132256?
2, 4133
List the prime factors of 1608507.
3, 313, 571
List the prime factors of 23184775.
5, 29, 113, 283
List the prime factors of 1272808.
2, 389, 409
List the prime factors of 5317926.
2, 3, 31, 28591
What are the prime factors of 2212292?
2, 553073
List the prime factors of 8608767.
3, 19, 7949
List the prime factors of 2825510.
2, 5, 59, 4789
What are the prime factors of 152573?
271, 563
What are the prime factors of 107362?
2, 53681
List the prime factors of 298404.
2, 3, 307
List the prime factors of 330499.
13, 25423
List the prime factors of 1729366.
2, 31, 27893
List the prime factors of 1386998.
2, 103, 6733
List the prime factors of 16350667.
16350667
What are the prime factors of 31035?
3, 5, 2069
List the prime factors of 6452653.
59, 109367
What are the prime factors of 1265876?
2, 316469
What are the prime factors of 1862315?
5, 7, 13, 4093
What are the prime factors of 12081244?
2, 7, 53, 1163
What are the prime factors of 638970?
2, 3, 5, 19, 59
List the prime factors of 277593.
3, 17, 5443
What are the prime factors of 5729527?
17, 337031
List the prime factors of 655794.
2, 3, 36433
What are the prime factors of 186072?
2, 3, 7753
What are the prime factors of 4780052?
2, 43, 27791
List the prime factors of 4881819.
3, 23, 139, 509
List the prime factors of 76286.
2, 7, 5449
List the prime factors of 575118.
2, 3, 89, 359
What are the prime factors of 3259193?
7, 467, 997
List the prime factors of 1493876.
2, 41, 9109
What are the prime factors of 1015446?
2, 3, 169241
What are the prime factors of 274768?
2, 13, 1321
List the prime factors of 1331152.
2, 271, 307
List the prime factors of 8660489.
23, 193, 1951
List the prime factors of 2166986.
2, 977, 1109
List the prime factors of 3329975.
5, 11, 12109
List the prime factors of 342786.
2, 3, 57131
What are the prime factors of 5455918?
2, 13, 223, 941
List the prime factors of 190009.
17, 11177
What are the prime factors of 998461?
17, 58733
List the prime factors of 42918.
2, 3, 23, 311
List the prime factors of 1113948.
2, 3, 11, 29, 97
What are the prime factors of 26725663?
2267, 11789
What are the prime factors of 11515898?
2, 5757949
What are the prime factors of 720461?
7, 19, 5417
What are the prime factors of 8537284?
2, 7, 304903
What are the prime factors of 2976152?
2, 601, 619
What are the prime factors of 2048078?
2, 101, 10139
List the prime factors of 4348494.
2, 3, 31, 7793
What are the prime factors of 523808?
2, 16369
What are the prime factors of 496440?
2, 3, 5, 7, 197
List the prime factors of 1335147.
3, 11, 40459
List the prime factors of 542882.
2, 521
List the prime factors of 2129754.
2, 3, 11, 23, 61
List the prime factors of 9976885.
5, 31, 191, 337
List the prime factors of 119894.
2, 151, 397
List the prime factors of 8402269.
67, 125407
What are the prime factors of 843045?
3, 5, 7, 31, 37
List the prime factors of 370359.
3, 11, 29, 43
What are the prime factors of 15302728?
2, 7, 23, 109
List the prime factors of 3780605.
5, 31, 24391
List the prime factors of 3891276.
2, 3, 19, 5689
List the prime factors of 636402.
2, 3, 13, 41, 199
List the prime factors of 862448.
2, 19, 2837
List the prime factors of 2945424.
2, 3, 61363
What are the prime factors of 165001?
165001
List the prime factors of 121255.
5, 24251
What are the prime factors of 235109?
7, 33587
What are the prime factors of 5422238?
2, 2711119
List the prime factors of 2133864.
2, 3, 37, 89
List the prime factors of 163218.
2, 3, 11, 2473
List the prime factors of 120508.
2, 47, 641
What are the prime factors of 1715413?
7, 269, 911
List the prime factors of 1946034.
2, 3, 73, 1481
What are the prime factors of 41897?
41897
List the prime factors of 132612.
2, 3, 43, 257
List the prime factors of 156687.
3, 29, 1801
What are the prime factors of 857132?
2, 214283
List the prime factors of 241208.
2, 11, 2741
What are the prime factors of 6382976?
2, 47, 1061
What are the prime factors of 83134?
2, 197, 211
List the prime factors of 1096465.
5, 219293
What are the prime factors of 3309968?
2, 17, 43, 283
What are the prime factors of 6650926?
2, 31, 107273
What are the prime factors of 8725863?
3, 2908621
What are the prime factors of 3180369?
3, 1060123
List the prime factors of 6174685.
5, 11, 131, 857
List the prime factors of 307796.
2, 76949
What are the prime factors of 14354091?
3, 177211
List the prime factors of 316695.
3, 5, 43, 491
What are the prime factors of 1036085?
5, 43, 61, 79
What are the prime factors of 246624?
2, 3, 7, 367
List the prime factors of 7396140.
2, 3, 5, 123269
What are the prime factors of 1409036?
2, 131, 2689
List the prime factors of 25627481.
11, 281, 8291
List the prime factors of 143822.
2, 7, 10273
What are the prime factors of 6937301?
7, 991043
What are the prime factors of 5437106?
2, 2718553
What are the prime factors of 13134616?
2, 11, 149257
List the prime factors of 685002.
2, 3, 114167
What are the prime factors of 14878394?
2, 7439197
What are the prime factors of 3568249?
17, 431, 487
What are the prime factors of 837760?
2, 5, 7, 11, 17
What are the prime factors of 15282860?
2, 5, 764143
What are the prime factors of 185656?
2, 23, 1009
List the prime factors of 10764706.
2, 17, 37, 43, 199
What are the prime factors of 957044?
2, 11, 21751
What are the prime factors of 1121678?
2, 41, 13679
What are the prime factors of 2725801?
13, 127
List the prime factors of 358610.
2, 5, 7, 47, 109
What are the prime factors of 232510?
2, 5, 23251
List the prime factors of 91241.
23, 3967
What are the prime factors of 695698?
2, 347849
What are the prime factors of 73031?
7, 10433
What are the prime factors of 1275573?
3, 13, 32707
What are the prime factors of 7078905?
3, 5, 47, 3347
What are the prime factors of 253030?
2, 5, 25303
What are the prime factors of 3989963?
3989963
List the prime factors of 18512625.
3, 5, 49367
List the prime factors of 9203061.
3, 7, 438241
List the prime factors of 2202970.
2, 5, 7, 11, 2861
What are the prime factors of 11087?
11087
List the prime factors of 2615302.
2, 1307651
List the prime factors of 34611447.
3, 13, 809, 1097
List the prime factors of 12748613.
97, 167, 787
List the prime factors of 6783285.
3, 5, 19, 23801
What are the prime factors of 3671637?
3, 1223879
List the prime factors of 2022336.
2, 3, 3511
What are the prime factors of 531951?
3, 7, 73, 347
List the prime factors of 7076778.
2, 3, 19, 23, 2699
What are the prime factors of 18248251?
7, 887, 2939
List the prime factors of 2700239.
83, 32533
What are the prime factors of 9061050?
2, 3, 5, 29, 2083
What are the prime factors of 144294?
2, 3, 24049
List the prime factors of 25130106.
2, 3, 59, 23663
What are the prime factors of 531501?
3, 177167
What are the prime factors of 160372?
2, 40093
What are the prime factors of 12886045?
5, 617, 4177
List the prime factors of 91013.
13, 7001
What are the prime factors of 4519090?
2, 5, 451909
What are the prime factors of 25881?
3, 8627
List the prime factors of 483291.
3, 53699
List the prime factors of 261322.
2, 193, 677
What are the prime factors of 65952?
2, 3, 229
List the prime factors of 3101426.
2, 31, 50023
List th